{"id":72,"date":"2013-02-20T21:16:20","date_gmt":"2013-02-20T19:16:20","guid":{"rendered":"http:\/\/dobraca.com\/?page_id=72"},"modified":"2016-02-06T12:37:00","modified_gmt":"2016-02-06T10:37:00","slug":"sicuri-in-internet","status":"publish","type":"page","link":"http:\/\/dobraca.com\/?page_id=72","title":{"rendered":"+ sicuri in Internet"},"content":{"rendered":"<p style=\"text-align: justify;\"><img loading=\"lazy\" decoding=\"async\" class=\"alignleft size-full wp-image-82\" src=\"http:\/\/dobraca.com\/wp-content\/uploads\/2013\/02\/libro.png\" alt=\"libro\" width=\"150\" height=\"214\" \/>Priru\u010dnik je nastao u sklopu projekta &#8220;Abitudini, atteggiamenti e modi d&#8217;utilizzo d&#8217;Internet&#8221; koji se provodio od rujna do prosinca 2012. godinu u Talijanskoj osnovnoj \u0161koli &#8211; Scuola elementara Italiana &#8220;Bernardo Benussi&#8221; Rovigno &#8211; Rovinj s ciljem detektiranja navika i oblika pona\u0161anja na Internetu, podizanjem razine svijesti u\u010denika o sigurnijem i kvalitetnijem kori\u0161tenju Interneta, te edukacijom roditelja o na\u010dinima usmjeravanja i pomaganja djeci u kori\u0161tenju informacijsko-komunikacijskih tehnologija\u00a0i potrebi za ve\u0107om komunikacijom izme\u0111u roditelja i djeteta.<\/p>\n<p style=\"text-align: justify;\">Projekt je proveden uz financijsku potporu Zaklade za poticanje partnerstva i razvoja civilnog dru\u0161tva kroz projekt Fond Gradova i Op\u0107ina.<\/p>\n<p style=\"text-align: justify;\">Priru\u010dnik obuhva\u0107a Internet servise, mogu\u0107e rizike i daje savjete kako koristiti Internet na sigurniji na\u010din, te anketni upitnik i rezultate provedenog istra\u017eivanja. Namijenjena je djeci pred\u0161kolskog i osnovno\u0161kolskog uzrasta, njihovim roditeljima i u\u010diteljima.<\/p>\n<p>Autori: Igor Dobra\u010da i Edita Pauli\u0161i\u0107<br \/>\nSuizdava\u010d: TO\u0160-SEI &#8220;Bernardo Benussi&#8221; Rovigno<br \/>\nFormat knjige: 148 x 210 mm<br \/>\nOpseg knjige: 70<br \/>\nMedij: elektroni\u010dki<br \/>\nISBN: 978-953-56208-1-5<br \/>\nGodina izdavanja: 2013.<\/p>\n<p><strong><em>Datoteke za preuzimanje (u PDF formatu)<\/em><\/strong><br \/>\n<a href=\"http:\/\/dobraca.com\/wp-content\/uploads\/2013\/02\/+-sicuri-in-Internet.pdf\">+ sicuri in Internet<\/a><br \/>\n<a href=\"http:\/\/dobraca.com\/wp-content\/uploads\/2013\/02\/volantino.pdf\">Letak<\/a><\/p>\n","protected":false},"excerpt":{"rendered":"<p>Priru\u010dnik je nastao u sklopu projekta &#8220;Abitudini, atteggiamenti e modi d&#8217;utilizzo d&#8217;Internet&#8221; koji se provodio od rujna do prosinca 2012. godinu u Talijanskoj osnovnoj \u0161koli &#8211; Scuola elementara Italiana &#8220;Bernardo Benussi&#8221; Rovigno &#8211; Rovinj s ciljem detektiranja navika i oblika pona\u0161anja na Internetu, podizanjem razine svijesti u\u010denika o sigurnijem i kvalitetnijem kori\u0161tenju Interneta, te edukacijom &hellip; <\/p>\n<p class=\"link-more\"><a href=\"http:\/\/dobraca.com\/?page_id=72\" class=\"more-link\">Read more<span class=\"screen-reader-text\"> &#8220;+ sicuri in Internet&#8221;<\/span><\/a><\/p>\n","protected":false},"author":1,"featured_media":0,"parent":8,"menu_order":2,"comment_status":"closed","ping_status":"open","template":"","meta":{"footnotes":""},"class_list":["post-72","page","type-page","status-publish","hentry"],"_links":{"self":[{"href":"http:\/\/dobraca.com\/index.php?rest_route=\/wp\/v2\/pages\/72","targetHints":{"allow":["GET"]}}],"collection":[{"href":"http:\/\/dobraca.com\/index.php?rest_route=\/wp\/v2\/pages"}],"about":[{"href":"http:\/\/dobraca.com\/index.php?rest_route=\/wp\/v2\/types\/page"}],"author":[{"embeddable":true,"href":"http:\/\/dobraca.com\/index.php?rest_route=\/wp\/v2\/users\/1"}],"replies":[{"embeddable":true,"href":"http:\/\/dobraca.com\/index.php?rest_route=%2Fwp%2Fv2%2Fcomments&post=72"}],"version-history":[{"count":1,"href":"http:\/\/dobraca.com\/index.php?rest_route=\/wp\/v2\/pages\/72\/revisions"}],"predecessor-version":[{"id":269,"href":"http:\/\/dobraca.com\/index.php?rest_route=\/wp\/v2\/pages\/72\/revisions\/269"}],"up":[{"embeddable":true,"href":"http:\/\/dobraca.com\/index.php?rest_route=\/wp\/v2\/pages\/8"}],"wp:attachment":[{"href":"http:\/\/dobraca.com\/index.php?rest_route=%2Fwp%2Fv2%2Fmedia&parent=72"}],"curies":[{"name":"wp","href":"https:\/\/api.w.org\/{rel}","templated":true}]}}